se
Is 12966186757 composite?
False
Is 10550699 composite?
False
Is 17930997323 a prime number?
True
Is 87296603 a prime number?
False
Is 5253642737 a composite number?
True
Is 5564094409 a composite number?
True
Is 68960985187 prime?
False
Is 2135890147 a prime number?
False
Is 1059870353 a composite number?
False
Is 84517926299 prime?
True
Is 34305091547 prime?
False
Is 619487257 composite?
False
Is 5180499959 a composite number?
False
Is 12113335747 prime?
False
Is 1834665801 composite?
True
Is 56646061 composite?
True
Is 138754633981 prime?
False
Is 4714535461 composite?
False
Is 7711101079 a prime number?
False
Is 5793269998 a prime number?
False
Is 5013844169 prime?
True
Is 140473937 prime?
True
Is 645014069 a composite number?
True
Is 49109240837 a composite number?
True
Is 3942647417 a composite number?
False
Is 7475257759 prime?
False
Is 65402247419 prime?
False
Is 4057662451 a composite number?
True
Is 2461399963 prime?
False
Is 200241583513 a prime number?
True
Is 1793256851 a composite number?
True
Is 1094968262 composite?
True
Is 39071160757 prime?
True
Is 19748464387 composite?
False
Is 23098354091 prime?
False
Is 27792674527 prime?
False
Is 7870491661 a composite number?
True
Is 520452931 composite?
True
Is 13247660215 prime?
False
Is 10073576867 prime?
False
Is 3781085459 prime?
True
Is 5166091637 a prime number?
False
Is 205114482467 composite?
False
Is 49371593723 prime?
True
Is 701940499 prime?
False
Is 8182114483 composite?
False
Is 311281811 prime?
False
Is 19759185857 a composite number?
False
Is 338000777 composite?
False
Is 27076553747 a composite number?
False
Is 188793610799 a composite number?
False
Is 8937414835 composite?
True
Is 3107279191 prime?
False
Is 351802603 a prime number?
True
Is 122455016213 a prime number?
False
Is 5852486911 a prime number?
True
Is 68445586141 prime?
True
Is 97903633 a prime number?
True
Is 2924936774 prime?
False
Is 409253959 a prime number?
True
Is 351384035 composite?
True
Is 643853289 a prime number?
False
Is 7237558547 composite?
True
Is 9611233637 prime?
True
Is 274000841 composite?
True
Is 14469469159 a composite number?
True
Is 744619279 a prime number?
True
Is 2910699749 composite?
True
Is 1407802211 a composite number?
False
Is 61923978811 composite?
False
Is 78977080955 a prime number?
False
Is 6171010799 composite?
False
Is 485226197 composite?
True
Is 2349306371 prime?
True
Is 109684451 composite?
False
Is 4452878839 prime?
True
Is 5916390001 a prime number?
True
Is 18435180653 a prime number?
True
Is 9673763713 prime?
True
Is 94388377 prime?
False
Is 9311004589 composite?
True
Is 1954076083 a composite number?
True
Is 349680539 a composite number?
True
Is 304547158 a prime number?
False
Is 13117474147 a prime number?
False
Is 1916605687 prime?
False
Is 13818834941 composite?
True
Is 68785255843 composite?
False
Is 6051296827 prime?
False
Is 1291764277 a prime number?
False
Is 385488553 a prime number?
True
Is 33375101801 composite?
False
Is 5790335743 prime?
True
Is 20018123513 a composite number?
True
Is 105768110881 a composite number?
False
Is 48773333443 a prime number?
False
Is 1370324867 a composite number?
False
Is 2712942983 a composite number?
False
Is 4821917197 composite?
True
Is 66631280923 composite?
True
Is 4134317641 a composite number?
False
Is 206644423 a prime number?
True
Is 38138647 composite?
False
Is 9292863479 composite?
True
Is 4506377747 prime?
True
Is 5509227109 a prime number?
True
Is 30880561 a composite number?
True
Is 2190157441 composite?
False
Is 4110889469 a prime number?
True
Is 54870387619 a prime number?
True
Is 618326563 prime?
False
Is 6438364589 a prime number?
False
Is 116312971046 prime?
False
Is 735779273 a prime number?
False
Is 569202839 composite?
False
Is 56484366767 prime?
True
Is 3533098531 composite?
False
Is 639119939 prime?
True
Is 88281245231 prime?
False
Is 89790507251 prime?
True
Is 3522460969 prime?
True
Is 3846513367 prime?
True
Is 483769813 prime?
True
Is 1855713913 prime?
True
Is 1357689637 a composite number?
False
Is 9415966855 prime?
False
Is 1258581013 prime?
True
Is 77172852143 prime?
True
Is 29092012351 prime?
False
Is 29614478111 composite?
False
Is 11130808309 prime?
False
Is 4858589287 prime?
False
Is 605111959 prime?
True
Is 3613587791 prime?
False
Is 98886693581 a composite number?
True
Is 203666891 a composite number?
False
Is 108729181007 a composite number?
False
Is 11019845143 a prime number?
False
Is 546863741 a prime number?
False
Is 9442445911 a prime number?
True
Is 552029659 prime?
True
Is 1369736233 prime?
False
Is 6051937233 a composite number?
True
Is 4727411197 a composite number?
False
Is 698887573 a prime number?
True
Is 62798291 a prime number?
True
Is 4267607 prime?
False
Is 30166605257 prime?
False
Is 3236515193 a prime number?
True
Is 616199443 prime?
False
Is 841177489 a composite number?
True
Is 65455371217 prime?
True
Is 3391190533 a composite number?
True
Is 16672308997 prime?
True
Is 8335677551 prime?
False
Is 84159113 a prime number?
False
Is 14607678523 prime?
False
Is 3654246013 a prime number?
False
Is 2162525713 a composite number?
True
Is 2979511523 prime?
False
Is 9317075147 prime?
True
Is 1558977811 composite?
False
Is 12864247009 prime?
False
Is 250849163 a composite number?
True
Is 10520920073 composite?
False
Is 2363252503 a composite number?
True
Is 115533846589 prime?
False
Is 1752157577 composite?
False
Is 4992322337 a prime number?
True
Is 11684025929 a composite number?
False
Is 2215075613 composite?
True
Is 3532523497 prime?
True
Is 633824137 a composite number?
False
Is 57722989321 composite?
False
Is 165036625031 a composite number?
True
Is 11234964109 a composite number?
False
Is 4740077729 prime?
True
Is 197304109 prime?
True
Is 526725097 composite?
True
Is 7542789 a prime number?
False
Is 78441533374 prime?
False
Is 466256837 a composite number?
True
Is 8218837283 a prime number?
True
Is 223061003609 a composite number?
False
Is 5102250763 a composite number?
False
Is 11362862999 a prime number?
False
Is 15533633 a composite number?
False
Is 893942791 composite?
True
Is 583342633 prime?
True
Is 9695031721 a prime number?
True
Is 1031839537 composite?
True
Is 4886870551 prime?
True
Is 18627790921 prime?
False
Is 137089332311 a prime number?
True
Is 1947685541 prime?
False
Is 8666584279 a prime number?
False
Is 8890348331 composite?
False
Is 124631711 composite?
True
Is 32643480151 a composite number?
False
Is 968862781 composite?
False
Is 7081663 a composite number?
False
Is 35664415711 composite?
False
Is 617143811 prime?
True
Is 162090893 composite?
True
Is 5693763161 a prime number?
True
Is 166773419 prime?
True
Is 137047956709 composite?
False
Is 244414991 prime?
True
Is 2293510279 a prime number?
True
Is 52705940921 a prime number?
False
Is 2916583309 prime?
False
Is 2614956431 prime?
True
Is 4426534067 a prime number?
True
Is 65041623329 a prime number?
False
Is 8190542779 a composite number?
True
Is 11464178351 a prime number?
False
Is 1665074767 a prime number?
False
Is 247854559 a prime number?
True
Is 4907918293 a prime number?
True
Is 5170101226 a prime number?
False
Is 1586766761 a prime number?
True
Is 17087029027 a prime number?
False
Is 1078931927 composite?
False
Is 9162214547 prime?
True
Is 167642426623 composite?
True
Is 807242117 a prime number?
False
Is 24628681421 composite?
True
Is 240621799 a prime number?
False
Is 1022090581 a composite number?
False
Is 124841417 composite?
False
Is 756712241 a composite number?
False
Is 16183651609 a prime number?
True
Is 26034403139 a composite number?
False
Is 7431012703 composite?
False
Is 15356444757 a prime number?
False
Is 11333000969 prime?
False
Is 1390053163 a prime number?
True
Is 288615077 a prime number?
True
Is 2441177177 composite?
False
Is 41385451 prime?
True
Is 1228730617 a prime number?
False
Is 3204997933 a composite number?
False
Is 33776303009 a composite number?
True
Is 303119 a composite number?
False
Is 11624592026 a composite number?
True
Is 1326587099 composite?
False
Is 2788646893 a prime number?
False
Is 50372632253 a prime number?
True
Is 7506399947 composite?
True
Is 46297117423 a prime number?
True
Is 25409359697 a prime number?
True
Is 384258357011 prime?
True
Is 443